 = -k**2 - 873*k - 37260. What is l(-45)?
0
Let x(d) = -10755902*d + 53779506. What is x(5)?
-4
Let g(u) = -3417*u + 44456. Calculate g(13).
35
Let v(f) = -f**3 + 30*f**2 - 221*f + 463. Give v(4).
-5
Let c(r) = 5*r**2 - 2157*r + 134168. Determine c(356).
-44
Let x(v) = -v**3 + 158*v**2 - 3552*v + 1863. What is x(131)?
-102
Let q(i) = 20*i**2 - 32*i + 1. Calculate q(-1).
53
Let r(l) = 4*l**3 - 14*l**2 - 94*l - 103. Give r(-3).
-55
Let f(h) = -81046*h + 4133347. Determine f(51).
1
Let v(z) = -2670112*z - 5340227. Calculate v(-2).
-3
Let a(l) = -4*l**2 + 1525*l - 130475. Determine a(130).
175
Let c(n) = 512987*n - 10259740. What is c(20)?
0
Let q(l) = -2*l**2 - 25304*l + 13534652. Give q(514).
4
Let j(c) = 119*c**2 + 2863*c + 181. Determine j(-24).
13
Let o(u) = 3334*u + 703525. Give o(-211).
51
Let n(t) = t**3 + 17*t**2 + 318*t + 4189. Give n(-15).
-131
Let n(q) = -89*q**2 - 1586*q - 127. Determine n(-18).
-415
Let t(b) = 1072*b - 64670. Give t(61).
722
Let m(o) = o**2 + 32*o - 10677. Give m(88).
-117
Let q(j) = 13135*j - 1116469. Calculate q(85).
6
Let p(d) = 229391*d + 63. Give p(0).
63
Let d(v) = 2*v**2 + 373*v - 7828. Determine d(19).
-19
Let m(p) = -189*p + 63045. Calculate m(333).
108
Let b(i) = 199*i - 9223. What is b(47)?
130
Let b(p) = 152*p**2 + 33*p - 134. Calculate b(4).
2430
Let w(n) = -n**2 + 293*n - 11323. Calculate w(255).
-1633
Let u(p) = -p**2 - 241*p + 221. What is u(0)?
221
Let a(w) = -w**3 + 128*w**2 + 955*w - 1747. What is a(135)?
-397
Let t(w) = -36*w**2 + 196*w + 386. What is t(6)?
266
Let n(m) = 211433*m + 10783077. Give n(-51).
-6
Let w(j) = 772*j + 101899. Calculate w(-132).
-5
Let j(z) = 4*z**2 - 155*z - 982. Determine j(-6).
92
Let d(q) = 6556*q + 1763622. Determine d(-269).
58
Let y(a) = 137*a**3 - 4*a**2 - 36*a - 46. Determine y(-2).
-1086
Let k(d) = -d**3 - 23*d**2 + 135*d + 1824. Determine k(-25).
-301
Let o(b) = b**3 - b**2 + 526*b - 3916. Give o(8).
740
Let o(s) = 43*s**2 - 10195*s + 813. Give o(237).
-135
Let w(v) = 304*v + 107923. Determine w(-355).
3
Let s(n) = -n**2 + 2509*n - 52242. Determine s(21).
6
Let f(b) = -15835*b + 760027. Give f(48).
-53
Let p(q) = -q**2 + 30*q + 56971. What is p(250)?
1971
Let x(a) = 71*a**3 - 1278*a**2 + 15*a - 44. Determine x(18).
226
Let n(w) = -6*w**3 - 33*w**2 - 1486*w - 8987. Give n(-6).
37
Let w(s) = -789*s + 10215. Calculate w(12).
747
Let b(m) = -3*m - 4223. Determine b(-213).
-3584
Let h(y) = 7*y**3 + 58*y**2 + 54*y + 301. What is h(-8)?
-3
Let b(n) = -8*n**2 - 93*n - 112. Calculate b(3).
-463
Let i(c) = -7*c**2 - 105*c + 57. Determine i(-23).
-1231
Let c(w) = 37*w**2 - 929*w + 94. Give c(25).
-6
Let c(u) = -4*u**2 - 217*u - 843. Give c(-50).
7
Let q(o) = -12*o**2 + 2073*o - 2061. What is q(1)?
0
Let s(q) = 113*q**2 + 2857*q - 2226. Determine s(-26).
-120
Let q(j) = -138581*j + 138538. Calculate q(1).
-43
Let d(f) = 17*f**2 + 375*f - 195. Calculate d(-23).
173
Let g(p) = p**3 - 152*p**2 + 4761*p - 985. Give g(108).
-13
Let s(j) = 9*j**2 - 984*j - 163203. What is s(200)?
-3
Let r(i) = -2*i**3 + 419*i**2 + 1271*i + 6. Calculate r(-3).
18
Let k(a) = 7*a**3 - 1812*a**2 - 27028*a + 281. Determine k(273).
8
Let k(m) = -m**3 + 204*m**2 - 161*m + 32846. Determine k(204).
2
Let n(s) = s**2 + 977*s + 114130. Determine n(-136).
-246
Let a(p) = 21486*p - 64927. Calculate a(3).
-469
Let a(q) = q**3 - 31*q**2 + 86*q + 11. What is a(33)?
5027
Let i(g) = -4949*g - 4836. Calculate i(-1).
113
Let l(z) = -z**3 + 68*z**2 + 288*z - 129. Determine l(72).
-129
Let m(d) = -d**3 - 80*d**2 + 505*d + 56662. What is m(-77)?
-10
Let a(n) = 366*n**2 - 15364*n - 15. Calculate a(42).
321
Let f(x) = -1175*x - 8256. Give f(-7).
-31
Let f(a) = -75322*a + 75292. Give f(1).
-30
Let g(x) = -3954*x + 264933. Calculate g(67).
15
Let q(t) = 2*t**3 + 106*t**2 - 427*t + 16583. What is q(-59)?
4
Let s(i) = i**2 - 10808*i + 623431. Determine s(58).
-69
Let k(i) = i**2 - 1272*i + 15726. Calculate k(13).
-641
Let l(f) = -10*f**3 + 97*f**2 - 14*f - 11. What is l(10)?
-451
Let t(y) = -y**3 - 12*y**2 + 426*y + 368. What is t(-28)?
984
Let s(a) = 85655*a - 2398360. Calculate s(28).
-20
Let p(s) = -145478*s - 1454786. Calculate p(-10).
-6
Let u(j) = -409*j**3 - 3*j**2 - 4*j + 7. Give u(1).
-409
Let w(k) = -173*k - 9694. What is w(-53)?
-525
Let b(m) = -5*m**2 + 129*m + 72. Calculate b(31).
-734
Let v(a) = -11*a**2 - 1209*a - 2423. Give v(-2).
-49
Let m(x) = -789*x + 5661. Calculate m(7).
138
Let w(m) = 154*m**3 - 41*m**2 - 93*m - 40. Calculate w(-2).
-1250
Let d(n) = -91391*n - 2101994. What is d(-23)?
-1
Let r(s) = -55*s**2 - 190*s + 257. Give r(0).
257
Let s(q) = 308*q**2 - 1229*q + 48. Give s(4).
60
Let z(x) = 3*x + 1211. Determine z(-39).
1094
Let x(y) = -2*y**3 - 13*y**2 + 11864*y + 83001. Calculate x(-7).
2
Let o(m) = -8*m**3 - 2945*m**2 - 368*m - 1696. Give o(-368).
-1696
Let m(l) = 3*l**2 + 592*l - 34105. Give m(-244).
55
Let q(i) = i**3 + 38*i**2 + 508*i + 1841. Calculate q(-6).
-55
Let t(k) = k**3 - 42*k**2 + 93*k - 6756. Give t(43).
-908
Let m(c) = 219758*c + 2637106. Give m(-12).
10
Let s(r) = r**3 + 65*r**2 + 786*r + 24. Calculate s(-16).
-8
Let o(j) = 93*j**2 + 571*j + 67. Determine o(-6).
-11
Let y(s) = 2*s**3 - 107*s**2 - 6900*s - 47340. Give y(-8).
-12
Let b(x) = -x**2 - 122*x + 54944. What is b(181)?
101
Let f(h) = -4*h**2 - 10427*h - 124589. What is f(-12)?
-41
Let z(c) = -13*c**2 + 3138*c + 70213. Give z(262).
-3
Let a(l) = -416*l**3 + 3328*l**2 - 78*l + 630. Calculate a(8).
6
Let c(j) = -j**3 + 33*j**2 - 96*j + 378. Determine c(7).
980
Let j(q) = -91*q**2 + 5377*q + 5377. Determine j(-1).
-91
Let f(u) = 71463*u + 6002891. Calculate f(-84).
-1
Let i(v) = 12014*v - 889047. What is i(74)?
-11
Let d(h) = -567*h**2 + 463246*h - 5711. Give d(817).
8
Let b(q) = -2*q**2 - 1060*q + 3116. Determine b(3).
-82
Let l(w) = 3*w**2 - 931*w - 24066. What is l(-24)?
6
Let s(z) = 7*z**3 - 382*z**2 + 461*z - 34298. Give s(55).
132
Let h(t) = 7*t**3 + 397*t**2 - 656*t - 30903. Give h(-57).
-9
Let p(k) = 4*k**2 - 281*k + 2203. Determine p(9).
-2
Let a(q) = -1377*q - 26533. Calculate a(-19).
-370
Let l(r) = 1489*r - 618164. Calculate l(415).
-229
Let o(y) = -10311*y - 10306. Give o(-1).
5
Let w(m) = -6*m**3 - 2*m**2 + 2972*m - 2969. Give w(1).
-5
Let l(g) = 24204*g + 968155. Give l(-40).
-5
Let o(t) = -6*t**3 + 96*t**2 + 105*t + 42. Determine o(17).
93
Let f(k) = 2*k**3 - 10*k**2 - 13845*k + 55420. Determine f(4).
8
Let l(r) = -2287*r - 198978. Determine l(-87).
-9
Let b(c) = -3*c**3 + 5*c**2 + 247*c + 452. Calculate b(-2).
2
Let m(p) = 313*p**2 - 3184*p + 7831. Determine m(6).
-5
Let h(v) = 347*v + 8070. Determine h(-26).
-952
Let q(h) = 237732*h - 3090523. What is q(13)?
-7
Let f(x) = 34*x**3 - 441*x**2 - 866*x + 11083. Give f(13).
-6
Let v(n) = n**2 - 55*n - 201. Give v(56).
-145
Let k(f) = 5137*f + 71875. What is k(-14)?
-43
Let b(q) = 3804*q - 3883. Give b(1).
-79
Let l(m) = -m**3 - 2*m**2 + 2041*m + 698. What is l(-46)?
-84
Let q(r) = -3*r**2 - 17385*r - 998233. What is q(-58)?
5
Let y(s) = -3*s**3 + 43*s**2 + 264*s - 1194. What is y(18)?
-6
Let w(b) = -4*b**2 + 185*b + 2141. What is w(56)?
-43
Let j(a) = a**2 + 1451*a + 17248. Give j(-12).
-20
Let m(z) = -z**3 + 31*z**2 + 146*z - 2892. Give m(31).
1634
Let t(h) = 193*h + 4390. What is t(-26)?
-628
Let s(k) = 3634*k + 766650. Determine s(-211).
-124
Let g(l) = 3441*l - 99757. What is g(29)?
32
Let o(k) = 7701*k - 56054. Calculate o(7).
-2147
Let q(l) = -4924*l**2 - 29552*l + 9. What is q(-6)?
57
Let o(w) = -4*w**3 + 294*w**2 + 171*w - 1214. Give o(74).
488
Let j(i) = 1552*i - 9660. Determine j(6).
-348
Let v(b) = -b**3 + 65*b**2 - 491*b + 433. What is v(57)?
-1562
Let p(n) = n**3 - 1318*n**2 + 76677*n - 16. Determine p(61).
-16
Let t(l) = 4*l**2 + 726*l - 8333. Calculate t(11).
137
Let t(a) = 511*a**2 + 8921*a + 27508. What is t(-4)?
0
Let o(q) = q**2 + 207*q - 29883. Calculate o(98).
7
Let p(t) = -4*t**2 - 430*t - 8090. Calculate p(-23).
-316
Let w(x) = 3*x**3 + 2*x**2 - 15*x - 18. Determine w(5).
332
Let g(q) = -33*q**2 + 788*q - 1349. Calculate g(22).
15
Let b(m) = 3*m**2 - 3781*m + 580670. Calculate b(179).
-6
Let l(a) = -217*a**2 + 34*a + 27. Give l(-1).
-224
Let w(i) = 3*i**3 + 385*i**2 + 30*i - 12567. What is w(-128)?
-23
Let h(m) = 28*m**2 - 109*m - 172.